*g**3 + 24*g**2 + 76*g + 221. Give r(-6).
-19
Let d(u) = 253*u - 6766. Determine d(50).
5884
Let n(j) = 7625*j - 167809. Give n(22).
-59
Let q(c) = 648*c - 2398. Calculate q(7).
2138
Let h(x) = -3*x**3 + 627*x**2 - 16091*x - 3395. Determine h(179).
6
Let f(y) = -y**3 + 174*y**2 - 7451*y + 297. Calculate f(76).
69
Let a(k) = -1439*k - 10209. Give a(-7).
-136
Let h(z) = -5*z**2 + 375*z - 771. What is h(73)?
-41
Let u(p) = -66*p**2 + 2803*p + 21123. What is u(49)?
4
Let p(d) = -d**2 + 385*d + 2342. Determine p(-6).
-4
Let w(m) = -m**3 + 270*m**2 + 1928*m - 376450. What is w(272)?
-2
Let m(z) = -140*z**2 - 4496*z - 4853. Determine m(-31).
-17
Let u(w) = -133*w + 27065. Determine u(211).
-998
Let n(q) = 3*q**3 - 92*q**2 + 222*q + 11. Calculate n(28).
-45
Let m(w) = 79*w - 2172. Give m(28).
40
Let p(a) = 47*a + 2702. What is p(-48)?
446
Let r(j) = -10522*j + 42104. Determine r(4).
16
Let j(c) = c**2 + 199*c + 8292. Give j(-139).
-48
Let w(t) = -57*t + 5252. What is w(104)?
-676
Let n(f) = -3*f**2 - 16*f - 8. What is n(-3)?
13
Let m(l) = -l**2 - 56*l - 260. Give m(-5).
-5
Let d(j) = j**2 + 35*j - 49274. Calculate d(205).
-74
Let x(j) = -3*j**3 + 74*j**2 + 406*j - 5. Calculate x(-6).
871
Let y(z) = -z**3 - 89*z**2 - 578*z + 304. What is y(-82)?
632
Let c(r) = r**2 + 41449*r - 953858. Determine c(23).
-2
Let m(l) = -245*l + 10969. What is m(45)?
-56
Let d(q) = 4*q**2 + 1129*q + 27018. Determine d(-256).
138
Let b(y) = -578*y + 3814. Calculate b(9).
-1388
Let v(w) = -61*w**2 - 95*w - 165. Determine v(-2).
-219
Let m(n) = -36*n**3 + 1743*n**2 + 1048*n - 920. Give m(49).
11
Let f(g) = 4*g**2 - 702*g + 700. Calculate f(1).
2
Let k(x) = -2*x**2 + 193*x + 4190. Determine k(115).
-65
Let q(y) = 3457*y - 50644. Determine q(14).
-2246
Let v(h) = -4*h**3 + 38*h**2 + 4409*h - 39863. Give v(9).
-20
Let v(w) = 7*w**2 - 306*w + 1367. Calculate v(5).
12
Let t(f) = -21*f**3 + 376*f**2 + 31*f + 106. Give t(18).
16
Let j(i) = -16560*i - 5332338. Determine j(-322).
-18
Let t(f) = f**3 - 2252*f**2 + 131537*f - 1027. What is t(60)?
-7
Let y(z) = -z**3 + 15*z**2 + 93*z - 438. Give y(19).
-115
Let n(z) = 2*z**3 - 72*z**2 + 65*z - 19. Calculate n(35).
-194
Let b(i) = -7427*i - 96484. Calculate b(-13).
67
Let a(t) = 12*t**3 + 27*t**2 + 41*t - 3. Give a(-7).
-3083
Let k(l) = -43*l**3 - 7140*l**2 - 335*l - 488. What is k(-166)?
10
Let h(a) = 21667*a + 628341. What is h(-29)?
-2
Let x(r) = 1058885*r + 33884321. Calculate x(-32).
1
Let w(m) = 307*m**2 + 21493*m + 53. Determine w(-70).
-157
Let a(h) = 42*h - 482. Give a(12).
22
Let t(d) = -34*d**2 - 2843*d - 33055. Give t(-14).
83
Let a(u) = -233815*u + 4910114. What is a(21)?
-1
Let s(t) = -2176*t - 7519. What is s(-4)?
1185
Let x(j) = -90*j**3 + 991*j**2 + 6*j - 169. Determine x(11).
18
Let b(a) = 1548608*a - 1548606. What is b(1)?
2
Let j(d) = 1152*d - 49521. Give j(43).
15
Let p(i) = 219*i + 38057. Determine p(-174).
-49
Let l(g) = g**3 + 18*g**2 + 234*g - 2265. Determine l(10).
2875
Let w(u) = u**2 + 2299*u - 170760. What is w(72)?
-48
Let j(r) = -2*r**3 - 18*r**2 + 13460*r + 121155. Give j(-9).
15
Let h(b) = 6*b**3 + 191*b**2 + 644*b - 4005. Calculate h(-8).
-5
Let i(r) = 436248*r - 2. Determine i(0).
-2
Let z(r) = -r**3 - 116*r**2 + 5636*r + 908. Give z(37).
-17
Let f(q) = 2563*q + 64657. Determine f(-25).
582
Let u(o) = 2*o**2 - 230*o - 12786. Determine u(156).
6
Let u(m) = 4370*m - 297167. Give u(68).
-7
Let y(a) = -52*a + 4099. Determine y(76).
147
Let r(a) = -6406*a - 66394. Give r(-10).
-2334
Let f(l) = l**2 + 96*l + 626. What is f(-7)?
3
Let k(s) = -311019*s - 4976320. Give k(-16).
-16
Let u(g) = g**3 - 100*g**2 - 91*g + 374. Calculate u(101).
1384
Let y(i) = -i**3 - 7*i**2 + 293*i + 349. Calculate y(-17).
-1742
Let a(g) = -10*g**2 - 970*g - 4573. Determine a(-92).
27
Let q(z) = z**2 - 126*z + 3745. Give q(49).
-28
Let l(u) = -20*u**3 - 36*u**2 + 18*u + 54. What is l(-2)?
34
Let x(i) = -191*i**3 - 66*i**2 - 135*i - 20. Calculate x(-2).
1514
Let y(d) = -1849*d - 79457. Determine y(-43).
50
Let y(q) = -12*q**2 - 552*q - 5352. Determine y(-32).
24
Let m(u) = 2053*u + 32675. Calculate m(-16).
-173
Let p(v) = 4*v**2 - 511*v + 16789. Calculate p(69).
574
Let d(n) = n**3 + 159*n**2 + 157*n - 270. Give d(-158).
-112
Let t(u) = u**3 - 36*u**2 - 604*u - 1626. What is t(49)?
-9
Let w(z) = 5*z**2 + 53*z + 92. Calculate w(-8).
-12
Let v(r) = r**3 + 74*r**2 + 1339*r - 594. Calculate v(-41).
-20
Let g(x) = -6*x**3 + 29*x**2 + 443*x - 2192. Calculate g(5).
-2
Let i(t) = 1661*t - 357511. Calculate i(215).
-396
Let y(r) = -1023*r - 11244. Determine y(-11).
9
Let t(z) = 2*z**2 - 103*z - 2621. What is t(-28)?
1831
Let b(n) = n**3 - 31*n**2 + 55*n - 275. Determine b(29).
-362
Let s(d) = 134*d - 2263. Determine s(19).
283
Let c(m) = 19126*m + 267727. Calculate c(-14).
-37
Let n(i) = 5*i**2 - 66*i + 629. What is n(12)?
557
Let s(v) = 17*v**2 - 119*v - 624. Determine s(-6).
702
Let q(t) = -64*t**3 + 43*t**2 - 2921*t + 2920. Give q(1).
-22
Let i(f) = f**3 - 13*f**2 + 15925*f - 190961. Calculate i(12).
-5
Let h(k) = -2012*k + 88726. What is h(44)?
198
Let g(s) = s**3 + 13*s**2 + 5928*s + 77097. Give g(-13).
33
Let y(l) = -l**3 + 124*l**2 - 629*l + 163. Determine y(5).
-7
Let i(o) = -3*o**2 + 2*o - 395. What is i(-18)?
-1403
Let p(d) = 7*d**2 + 6*d - 2203. Determine p(-18).
-43
Let i(k) = -18104*k + 2244893. Give i(124).
-3
Let x(c) = -19*c**2 - 47*c - 108. Calculate x(4).
-600
Let n(p) = p**2 - 4790*p + 23924. Give n(5).
-1
Let r(c) = 79*c - 2531. Give r(25).
-556
Let h(j) = -32904*j + 1085851. Determine h(33).
19
Let y(t) = 8259*t + 25014. Calculate y(-3).
237
Let b(i) = i**3 - 38*i**2 + 625*i - 13850. Give b(32).
6
Let n(x) = -2*x**3 - 264*x**2 + 2827*x + 128. What is n(10)?
-2
Let o(h) = -2716*h + 3908. Determine o(2).
-1524
Let c(h) = -1082*h**2 - 820*h + 10. What is c(-1)?
-252
Let d(t) = 18138*t - 72554. What is d(4)?
-2
Let t(x) = x**3 + 334*x**2 + 14895*x + 565. Give t(-281).
3
Let x(u) = -u**3 + 16*u**2 - 24*u - 127. Determine x(5).
28
Let s(v) = -3*v**3 - 43*v**2 + 137*v + 2054. Determine s(-14).
-60
Let j(d) = -44385*d + 9986632. Calculate j(225).
7
Let s(x) = x**2 + 1848*x + 688166. Determine s(-517).
39
Let l(s) = -6*s**2 - 947*s - 33647. Give l(-54).
-5
Let y(n) = -2*n**2 - 10081*n - 390114. Give y(-39).
3
Let a(g) = -4*g**2 + 151*g + 26. What is a(18)?
1448
Let c(d) = -d**2 - 443*d - 12924. Determine c(-412).
-152
Let n(l) = -5*l**3 + 23*l**2 - 427*l + 1657. Determine n(4).
-3
Let l(c) = -c**3 + 11*c**2 + 147*c - 172. Determine l(-9).
125
Let x(n) = -174*n - 1998. Determine x(-12).
90
Let u(v) = -11587*v - 1367247. Determine u(-118).
19
Let u(y) = -1407*y + 37950. Calculate u(27).
-39
Let a(w) = 85*w**3 - 125*w**2 - 29*w + 10. Give a(2).
132
Let m(z) = -z**3 - 639*z**2 - 50*z - 31894. Calculate m(-639).
56
Let t(f) = f**3 - 39*f**2 + 55*f - 19. Calculate t(0).
-19
Let n(i) = -3*i**2 + 117*i - 1395. Calculate n(54).
-3825
Let n(q) = -62*q**2 - 1987*q - 11009. Determine n(-7).
-138
Let h(l) = -123*l - 18023. Determine h(-165).
2272
Let h(o) = -8*o**3 - 807*o**2 + 98*o + 60. Calculate h(-101).
363
Let y(n) = n**2 + 182*n + 7734. Calculate y(-39).
2157
Let d(v) = -4087*v - 208. Calculate d(0).
-208
Let s(r) = -r**3 - 5*r**2 + 3644*r + 7297. What is s(-2)?
-3
Let v(r) = 8655*r + 1705047. Determine v(-197).
12
Let h(c) = -683*c - 12387. Give h(-14).
-2825
Let o(r) = -2*r**3 - 24*r**2 - 17*r + 44. Calculate o(-12).
248
Let o(u) = -u**2 - 121*u - 2087. Give o(-107).
-589
Let u(s) = s**2 - 31*s - 10634. Calculate u(132).
2698
Let z(d) = -d**3 - 600*d**2 - 3577*d - 7717. Determine z(-594).
5
Let c(x) = -4107*x + 23023. Determine c(6).
-1619
Let u(d) = 6825*d**2 + 102371*d - 88. Determine u(-15).
-28
Let r(k) = 1128*k**2 - 61*k + 1. Calculate r(1).
1068
Let c(g) = 5793*g - 162321. Determine c(28).
-117
Let c(y) = -y**3 - 829*y**2 + 47674*y - 7064. Calculate c(-883).
0
Let p(x) = -90606*x - 5. Calculate p(0).
-5
Let s(q) = -27*q**3 + 10691*q**2 + 406*q - 3946. Determine s(396).
14
Let b(h) = 15*h**3 + 98*h**2 - 4*h - 100. Give b(-7).
-415
Let r(s) = 196*s**3 + s**2 - 693*s + 693. Give r(1).
197
Let j(w) = 1536691*w - 9220156. What is j(6)?
-10
Let t(l) = -191*l + 617. Determine t(4).
-147
Let s(o) = -o**3 + 331*o**2 - 1001*o + 81. What 